{"id":1023,"date":"2023-11-09T17:26:08","date_gmt":"2023-11-09T22:26:08","guid":{"rendered":"https:\/\/foco74.com\/test\/barletta\/?post_type=product&#038;p=1023"},"modified":"2025-06-27T15:48:37","modified_gmt":"2025-06-27T20:48:37","slug":"keke-marmoleado-donattino-taper-17-und","status":"publish","type":"product","link":"https:\/\/barletta.pe\/barletta\/producto\/keke-marmoleado-donattino-taper-17-und\/","title":{"rendered":"Keke Marmoleado Donattino Taper 17 und."},"content":{"rendered":"<p data-start=\"387\" data-end=\"662\">El <strong data-start=\"390\" data-end=\"419\">Keke Marmoleado Donattino<\/strong> es el equilibrio perfecto entre suavidad y sabor. Elaborado con una receta casera, combina la delicadeza del keke de vainilla con el toque irresistible del chocolate, creando un efecto marmoleado visualmente atractivo y delicioso en cada porci\u00f3n.<\/p>\n<p data-start=\"664\" data-end=\"994\">Este pr\u00e1ctico <strong data-start=\"678\" data-end=\"703\">postre<\/strong> es ideal para compartir, llevar a la oficina, ofrecer en cafeter\u00edas o tener siempre a la mano un antojo dulce y esponjoso. Su textura h\u00fameda y sabor casero hacen de este keke una opci\u00f3n perfecta para cualquier momento del d\u00eda.<br data-start=\"930\" data-end=\"933\" \/>\u2728 <em data-start=\"935\" data-end=\"994\">Pr\u00e1ctico, delicioso y con ese sello casero que conquista.<\/em><\/p>\n","protected":false},"excerpt":{"rendered":"<p>\ud83c\udf6b\ud83c\udf70 <strong data-start=\"1049\" data-end=\"1087\">Suave, esponjoso y lleno de sabor.<\/strong> Nuestro <strong data-start=\"1096\" data-end=\"1125\">Keke Marmoleado Donattino<\/strong> mezcla vainilla y chocolate en el balance perfecto, \u00a1listo para compartir en su pr\u00e1ctico taper con 17 porciones! \ud83e\uddc1\u2728<\/p>\n","protected":false},"featured_media":1752,"template":"","meta":{"_monsterinsights_skip_tracking":false,"_monsterinsights_sitenote_active":false,"_monsterinsights_sitenote_note":"","_monsterinsights_sitenote_category":0,"site-sidebar-layout":"default","site-content-layout":"","ast-site-content-layout":"default","site-content-style":"default","site-sidebar-style":"default","ast-global-header-display":"","ast-banner-title-visibility":"","ast-main-header-display":"","ast-hfb-above-header-display":"","ast-hfb-below-header-display":"","ast-hfb-mobile-header-display":"","site-post-title":"","ast-breadcrumbs-content":"","ast-featured-img":"","footer-sml-layout":"","theme-transparent-header-meta":"default","adv-header-id-meta":"","stick-header-meta":"","header-above-stick-meta":"","header-main-stick-meta":"","header-below-stick-meta":"","astra-migrate-meta-layouts":"set","ast-page-background-enabled":"default","ast-page-background-meta":{"desktop":{"background-color":"var(--ast-global-color-4)","background-image":"","background-repeat":"repeat","background-position":"center center","background-size":"auto","background-attachment":"scroll","background-type":"","background-media":"","overlay-type":"","overlay-color":"","overlay-opacity":"","overlay-gradient":""},"tablet":{"background-color":"","background-image":"","background-repeat":"repeat","background-position":"center center","background-size":"auto","background-attachment":"scroll","background-type":"","background-media":"","overlay-type":"","overlay-color":"","overlay-opacity":"","overlay-gradient":""},"mobile":{"background-color":"","background-image":"","background-repeat":"repeat","background-position":"center center","background-size":"auto","background-attachment":"scroll","background-type":"","background-media":"","overlay-type":"","overlay-color":"","overlay-opacity":"","overlay-gradient":""}},"ast-content-background-meta":{"desktop":{"background-color":"var(--ast-global-color-5)","background-image":"","background-repeat":"repeat","background-position":"center center","background-size":"auto","background-attachment":"scroll","background-type":"","background-media":"","overlay-type":"","overlay-color":"","overlay-opacity":"","overlay-gradient":""},"tablet":{"background-color":"var(--ast-global-color-5)","background-image":"","background-repeat":"repeat","background-position":"center center","background-size":"auto","background-attachment":"scroll","background-type":"","background-media":"","overlay-type":"","overlay-color":"","overlay-opacity":"","overlay-gradient":""},"mobile":{"background-color":"var(--ast-global-color-5)","background-image":"","background-repeat":"repeat","background-position":"center center","background-size":"auto","background-attachment":"scroll","background-type":"","background-media":"","overlay-type":"","overlay-color":"","overlay-opacity":"","overlay-gradient":""}},"_joinchat":[]},"pwb-brand":[43],"product_brand":[],"product_cat":[27],"product_tag":[],"class_list":{"0":"post-1023","1":"product","2":"type-product","3":"status-publish","4":"has-post-thumbnail","6":"pwb-brand-donattino","7":"product_cat-chifones-y-kekes","8":"desktop-align-left","9":"tablet-align-left","10":"mobile-align-left","12":"first","13":"instock","14":"shipping-taxable","15":"product-type-simple"},"yoast_head":"<!-- This site is optimized with the Yoast SEO plugin v26.9 - https:\/\/yoast.com\/product\/yoast-seo-wordpress\/ -->\n<title>Keke Marmoleado Donattino Taper 17 und. - Barletta<\/title>\n<meta name=\"robots\" content=\"index, follow, max-snippet:-1, max-image-preview:large, max-video-preview:-1\" \/>\n<link rel=\"canonical\" href=\"https:\/\/barletta.pe\/barletta\/producto\/keke-marmoleado-donattino-taper-17-und\/\" \/>\n<meta property=\"og:locale\" content=\"es_ES\" \/>\n<meta property=\"og:type\" content=\"article\" \/>\n<meta property=\"og:title\" content=\"Keke Marmoleado Donattino Taper 17 und. - Barletta\" \/>\n<meta property=\"og:description\" content=\"\ud83c\udf6b\ud83c\udf70 Suave, esponjoso y lleno de sabor. Nuestro Keke Marmoleado Donattino mezcla vainilla y chocolate en el balance perfecto, \u00a1listo para compartir en su pr\u00e1ctico taper con 17 porciones! \ud83e\uddc1\u2728\" \/>\n<meta property=\"og:url\" content=\"https:\/\/barletta.pe\/barletta\/producto\/keke-marmoleado-donattino-taper-17-und\/\" \/>\n<meta property=\"og:site_name\" content=\"Barletta\" \/>\n<meta property=\"article:publisher\" content=\"https:\/\/www.facebook.com\/barlettaperu\" \/>\n<meta property=\"article:modified_time\" content=\"2025-06-27T20:48:37+00:00\" \/>\n<meta property=\"og:image\" content=\"https:\/\/barletta.pe\/barletta\/wp-content\/uploads\/2023\/11\/KEKE-DONATTINO-17-1.jpg\" \/>\n\t<meta property=\"og:image:width\" content=\"1080\" \/>\n\t<meta property=\"og:image:height\" content=\"1080\" \/>\n\t<meta property=\"og:image:type\" content=\"image\/jpeg\" \/>\n<meta name=\"twitter:card\" content=\"summary_large_image\" \/>\n<meta name=\"twitter:label1\" content=\"Tiempo de lectura\" \/>\n\t<meta name=\"twitter:data1\" content=\"1 minuto\" \/>\n<script type=\"application\/ld+json\" class=\"yoast-schema-graph\">{\"@context\":\"https:\/\/schema.org\",\"@graph\":[{\"@type\":\"WebPage\",\"@id\":\"https:\/\/barletta.pe\/barletta\/producto\/keke-marmoleado-donattino-taper-17-und\/\",\"url\":\"https:\/\/barletta.pe\/barletta\/producto\/keke-marmoleado-donattino-taper-17-und\/\",\"name\":\"Keke Marmoleado Donattino Taper 17 und. - Barletta\",\"isPartOf\":{\"@id\":\"https:\/\/barletta.pe\/barletta\/#website\"},\"primaryImageOfPage\":{\"@id\":\"https:\/\/barletta.pe\/barletta\/producto\/keke-marmoleado-donattino-taper-17-und\/#primaryimage\"},\"image\":{\"@id\":\"https:\/\/barletta.pe\/barletta\/producto\/keke-marmoleado-donattino-taper-17-und\/#primaryimage\"},\"thumbnailUrl\":\"https:\/\/barletta.pe\/barletta\/wp-content\/uploads\/2023\/11\/KEKE-DONATTINO-17-1.jpg\",\"datePublished\":\"2023-11-09T22:26:08+00:00\",\"dateModified\":\"2025-06-27T20:48:37+00:00\",\"breadcrumb\":{\"@id\":\"https:\/\/barletta.pe\/barletta\/producto\/keke-marmoleado-donattino-taper-17-und\/#breadcrumb\"},\"inLanguage\":\"es\",\"potentialAction\":[{\"@type\":\"ReadAction\",\"target\":[\"https:\/\/barletta.pe\/barletta\/producto\/keke-marmoleado-donattino-taper-17-und\/\"]}]},{\"@type\":\"ImageObject\",\"inLanguage\":\"es\",\"@id\":\"https:\/\/barletta.pe\/barletta\/producto\/keke-marmoleado-donattino-taper-17-und\/#primaryimage\",\"url\":\"https:\/\/barletta.pe\/barletta\/wp-content\/uploads\/2023\/11\/KEKE-DONATTINO-17-1.jpg\",\"contentUrl\":\"https:\/\/barletta.pe\/barletta\/wp-content\/uploads\/2023\/11\/KEKE-DONATTINO-17-1.jpg\",\"width\":1080,\"height\":1080},{\"@type\":\"BreadcrumbList\",\"@id\":\"https:\/\/barletta.pe\/barletta\/producto\/keke-marmoleado-donattino-taper-17-und\/#breadcrumb\",\"itemListElement\":[{\"@type\":\"ListItem\",\"position\":1,\"name\":\"Portada\",\"item\":\"https:\/\/barletta.pe\/barletta\/\"},{\"@type\":\"ListItem\",\"position\":2,\"name\":\"Productos\",\"item\":\"https:\/\/barletta.pe\/barletta\/productos\/\"},{\"@type\":\"ListItem\",\"position\":3,\"name\":\"Keke Marmoleado Donattino Taper 17 und.\"}]},{\"@type\":\"WebSite\",\"@id\":\"https:\/\/barletta.pe\/barletta\/#website\",\"url\":\"https:\/\/barletta.pe\/barletta\/\",\"name\":\"Barletta\",\"description\":\"Productos y servicios para el sector alimentario\",\"publisher\":{\"@id\":\"https:\/\/barletta.pe\/barletta\/#organization\"},\"potentialAction\":[{\"@type\":\"SearchAction\",\"target\":{\"@type\":\"EntryPoint\",\"urlTemplate\":\"https:\/\/barletta.pe\/barletta\/?s={search_term_string}\"},\"query-input\":{\"@type\":\"PropertyValueSpecification\",\"valueRequired\":true,\"valueName\":\"search_term_string\"}}],\"inLanguage\":\"es\"},{\"@type\":\"Organization\",\"@id\":\"https:\/\/barletta.pe\/barletta\/#organization\",\"name\":\"Barletta\",\"url\":\"https:\/\/barletta.pe\/barletta\/\",\"logo\":{\"@type\":\"ImageObject\",\"inLanguage\":\"es\",\"@id\":\"https:\/\/barletta.pe\/barletta\/#\/schema\/logo\/image\/\",\"url\":\"https:\/\/barletta.pe\/barletta\/wp-content\/uploads\/2022\/08\/cropped-LOGO-BARLETTA.png\",\"contentUrl\":\"https:\/\/barletta.pe\/barletta\/wp-content\/uploads\/2022\/08\/cropped-LOGO-BARLETTA.png\",\"width\":82,\"height\":125,\"caption\":\"Barletta\"},\"image\":{\"@id\":\"https:\/\/barletta.pe\/barletta\/#\/schema\/logo\/image\/\"},\"sameAs\":[\"https:\/\/www.facebook.com\/barlettaperu\",\"https:\/\/www.instagram.com\/barlettaperuoficial\/\"]}]}<\/script>\n<!-- \/ Yoast SEO plugin. -->","yoast_head_json":{"title":"Keke Marmoleado Donattino Taper 17 und. - Barletta","robots":{"index":"index","follow":"follow","max-snippet":"max-snippet:-1","max-image-preview":"max-image-preview:large","max-video-preview":"max-video-preview:-1"},"canonical":"https:\/\/barletta.pe\/barletta\/producto\/keke-marmoleado-donattino-taper-17-und\/","og_locale":"es_ES","og_type":"article","og_title":"Keke Marmoleado Donattino Taper 17 und. - Barletta","og_description":"\ud83c\udf6b\ud83c\udf70 Suave, esponjoso y lleno de sabor. Nuestro Keke Marmoleado Donattino mezcla vainilla y chocolate en el balance perfecto, \u00a1listo para compartir en su pr\u00e1ctico taper con 17 porciones! \ud83e\uddc1\u2728","og_url":"https:\/\/barletta.pe\/barletta\/producto\/keke-marmoleado-donattino-taper-17-und\/","og_site_name":"Barletta","article_publisher":"https:\/\/www.facebook.com\/barlettaperu","article_modified_time":"2025-06-27T20:48:37+00:00","og_image":[{"width":1080,"height":1080,"url":"https:\/\/barletta.pe\/barletta\/wp-content\/uploads\/2023\/11\/KEKE-DONATTINO-17-1.jpg","type":"image\/jpeg"}],"twitter_card":"summary_large_image","twitter_misc":{"Tiempo de lectura":"1 minuto"},"schema":{"@context":"https:\/\/schema.org","@graph":[{"@type":"WebPage","@id":"https:\/\/barletta.pe\/barletta\/producto\/keke-marmoleado-donattino-taper-17-und\/","url":"https:\/\/barletta.pe\/barletta\/producto\/keke-marmoleado-donattino-taper-17-und\/","name":"Keke Marmoleado Donattino Taper 17 und. - Barletta","isPartOf":{"@id":"https:\/\/barletta.pe\/barletta\/#website"},"primaryImageOfPage":{"@id":"https:\/\/barletta.pe\/barletta\/producto\/keke-marmoleado-donattino-taper-17-und\/#primaryimage"},"image":{"@id":"https:\/\/barletta.pe\/barletta\/producto\/keke-marmoleado-donattino-taper-17-und\/#primaryimage"},"thumbnailUrl":"https:\/\/barletta.pe\/barletta\/wp-content\/uploads\/2023\/11\/KEKE-DONATTINO-17-1.jpg","datePublished":"2023-11-09T22:26:08+00:00","dateModified":"2025-06-27T20:48:37+00:00","breadcrumb":{"@id":"https:\/\/barletta.pe\/barletta\/producto\/keke-marmoleado-donattino-taper-17-und\/#breadcrumb"},"inLanguage":"es","potentialAction":[{"@type":"ReadAction","target":["https:\/\/barletta.pe\/barletta\/producto\/keke-marmoleado-donattino-taper-17-und\/"]}]},{"@type":"ImageObject","inLanguage":"es","@id":"https:\/\/barletta.pe\/barletta\/producto\/keke-marmoleado-donattino-taper-17-und\/#primaryimage","url":"https:\/\/barletta.pe\/barletta\/wp-content\/uploads\/2023\/11\/KEKE-DONATTINO-17-1.jpg","contentUrl":"https:\/\/barletta.pe\/barletta\/wp-content\/uploads\/2023\/11\/KEKE-DONATTINO-17-1.jpg","width":1080,"height":1080},{"@type":"BreadcrumbList","@id":"https:\/\/barletta.pe\/barletta\/producto\/keke-marmoleado-donattino-taper-17-und\/#breadcrumb","itemListElement":[{"@type":"ListItem","position":1,"name":"Portada","item":"https:\/\/barletta.pe\/barletta\/"},{"@type":"ListItem","position":2,"name":"Productos","item":"https:\/\/barletta.pe\/barletta\/productos\/"},{"@type":"ListItem","position":3,"name":"Keke Marmoleado Donattino Taper 17 und."}]},{"@type":"WebSite","@id":"https:\/\/barletta.pe\/barletta\/#website","url":"https:\/\/barletta.pe\/barletta\/","name":"Barletta","description":"Productos y servicios para el sector alimentario","publisher":{"@id":"https:\/\/barletta.pe\/barletta\/#organization"},"potentialAction":[{"@type":"SearchAction","target":{"@type":"EntryPoint","urlTemplate":"https:\/\/barletta.pe\/barletta\/?s={search_term_string}"},"query-input":{"@type":"PropertyValueSpecification","valueRequired":true,"valueName":"search_term_string"}}],"inLanguage":"es"},{"@type":"Organization","@id":"https:\/\/barletta.pe\/barletta\/#organization","name":"Barletta","url":"https:\/\/barletta.pe\/barletta\/","logo":{"@type":"ImageObject","inLanguage":"es","@id":"https:\/\/barletta.pe\/barletta\/#\/schema\/logo\/image\/","url":"https:\/\/barletta.pe\/barletta\/wp-content\/uploads\/2022\/08\/cropped-LOGO-BARLETTA.png","contentUrl":"https:\/\/barletta.pe\/barletta\/wp-content\/uploads\/2022\/08\/cropped-LOGO-BARLETTA.png","width":82,"height":125,"caption":"Barletta"},"image":{"@id":"https:\/\/barletta.pe\/barletta\/#\/schema\/logo\/image\/"},"sameAs":["https:\/\/www.facebook.com\/barlettaperu","https:\/\/www.instagram.com\/barlettaperuoficial\/"]}]}},"jetpack_sharing_enabled":true,"brands":[{"id":43,"name":"Donattino","slug":"donattino"}],"_links":{"self":[{"href":"https:\/\/barletta.pe\/barletta\/wp-json\/wp\/v2\/product\/1023","targetHints":{"allow":["GET"]}}],"collection":[{"href":"https:\/\/barletta.pe\/barletta\/wp-json\/wp\/v2\/product"}],"about":[{"href":"https:\/\/barletta.pe\/barletta\/wp-json\/wp\/v2\/types\/product"}],"wp:featuredmedia":[{"embeddable":true,"href":"https:\/\/barletta.pe\/barletta\/wp-json\/wp\/v2\/media\/1752"}],"wp:attachment":[{"href":"https:\/\/barletta.pe\/barletta\/wp-json\/wp\/v2\/media?parent=1023"}],"wp:term":[{"taxonomy":"pwb-brand","embeddable":true,"href":"https:\/\/barletta.pe\/barletta\/wp-json\/wp\/v2\/pwb-brand?post=1023"},{"taxonomy":"product_brand","embeddable":true,"href":"https:\/\/barletta.pe\/barletta\/wp-json\/wp\/v2\/product_brand?post=1023"},{"taxonomy":"product_cat","embeddable":true,"href":"https:\/\/barletta.pe\/barletta\/wp-json\/wp\/v2\/product_cat?post=1023"},{"taxonomy":"product_tag","embeddable":true,"href":"https:\/\/barletta.pe\/barletta\/wp-json\/wp\/v2\/product_tag?post=1023"}],"curies":[{"name":"wp","href":"https:\/\/api.w.org\/{rel}","templated":true}]}}